 highest common divisor of b and 42.
42
Suppose 5633 = 8*h - 21367. Calculate the greatest common divisor of h and 270.
135
Let l = 28 + -32. Let r be 0 + 3/1 - (l + 5). Suppose 2*o - 14 + 0 = -4*h, 5*h = o + 7. Calculate the highest common divisor of r and h.
2
Let n = -5 - -20. Let i be (33/(-4))/(n/(-780)). Let j be 4/7 - i/(-21). What is the highest common factor of j and 42?
21
Suppose -9*n - 962 + 134 = 0. Let v = n - -160. Calculate the greatest common divisor of 4 and v.
4
Let f = -23 + 34. Let x(u) = 4*u**2 - 11*u - 27. Let s be x(f). Let r = s + -198. Calculate the highest common factor of 23 and r.
23
Let i(y) = -8*y**3 - 102*y**2 + 19*y - 3. Let b be i(-13). What is the greatest common factor of b and 2948?
44
Suppose 155*a - 108*a - 78*a = -6200. Calculate the highest common factor of 256 and a.
8
Let c = 43 + -127. Let z be (-2)/(c/637 - (-2)/13). Let h be (0 + 40)*z/(-26). What is the highest common divisor of h and 28?
28
Let o be 7/7*1*-11. Let w = o + 15. Let v be w - (0 + (-3 - -6)). What is the highest common divisor of v and 1?
1
Suppose -12*w = 34 - 58. Suppose -a + w*o = -540, 4*o - 1919 - 725 = -5*a. Calculate the greatest common factor of 28 and a.
28
Let j be ((5 - -2) + -6)*849. Let z = j + -419. Calculate the greatest common divisor of z and 10.
10
Suppose 4 - 8 = -2*n. Suppose -2*j = -5*v + 1, 2*v + n = 4*v. Suppose 3*l = j*p + 3*p + 34, -2*l - 3*p = -48. Calculate the highest common factor of 306 and l.
18
Suppose -4*k + 59 = -5*o - 97, -4*k + 156 = -3*o. Calculate the greatest common factor of k and 5200.
13
Suppose 1190 = 5*r - 2*k, -151*k = -4*r - 152*k + 965. Calculate the greatest common factor of 110 and r.
10
Suppose 86 = 2*n - 349*w + 347*w, 7*n = 3*w + 301. What is the highest common factor of n and 28853?
43
Let c = -25464 + 25744. Calculate the greatest common factor of 455 and c.
35
Suppose 5*k - 21 = 14. Suppose -k*r + 461 = 76. Suppose 3*y - 2*i - 68 = 0, 5*y - i - 2*i = 113. What is the highest common divisor of r and y?
11
Let m(p) = -2*p**3 - 2*p**2 + 3*p - 4. Let d be m(-3). Suppose -2850*q = -2881*q + 5673 + 2170. Calculate the highest common factor of q and d.
23
Suppose -8*m + 170 = 3*c, 4*m - 13*c = -12*c + 70. Calculate the greatest common divisor of 72257 and m.
19
Suppose 2*s = -2, l = 4*l + s - 134. Suppose -l + 120 = g. Calculate the greatest common divisor of 30 and g.
15
Let h be 2/(-13) - 1454/13. Let f = h + 37. Let i be 8/(160/f)*-4. What is the highest common divisor of i and 75?
15
Suppose -26 = -5*o + 4*g - 18, 4*o + 5*g - 31 = 0. Calculate the greatest common divisor of 1076 and o.
4
Let g(m) = m**2 + 2*m - 27. Let d be g(6). Let o be (-1)/4 + (76/(-16) - 0). Let x be (-3 - o) + (2 - (3 + -6)). What is the greatest common divisor of x and d?
7
Suppose -3*t + 4*h + 127 = -8*t, t = 5*h - 8. Let o = 53 + t. Suppose -z - 6*w = -4*w - 14, 0 = -z + 4*w + 2. What is the greatest common divisor of o and z?
10
Suppose -59*t + 152880 = 97*t. What is the highest common divisor of 1540 and t?
140
Let x(v) = v**3 - 7*v**2 - 3*v. Let m(d) = -2*d + 9. Let l be m(0). Let a be x(l). What is the highest common factor of 27 and a?
27
Suppose 0 = 8*d - 17*d + 711. Suppose x + 31 = 5*r, 4*x - 8*x = 4. Suppose -r*j + 131 = -d. Calculate the greatest common divisor of 7 and j.
7
Let p be -1 - (((-8)/(-12))/(4/180))/(-1). What is the highest common divisor of p and 1421?
29
Let i(a) = a**3 - 3*a**2 + 8*a + 4. Let r be i(6). Let k be ((-4)/(-10) - 1)*(-7000)/210. What is the highest common factor of k and r?
20
Let s be 3 + 3/3*60. Let t be 6 + 75 - (-6)/2. What is the greatest common factor of t and s?
21
Let c(w) = w**3 - 7*w**2 - 22*w + 8. Let i be c(12). Suppose 0 = -5*d + d + s + 467, -4*s = -4*d + i. What is the greatest common factor of d and 81?
9
Let s(h) = -h**3 - 16*h**2 - 14*h. Let m be s(-16). Let u = -58 + 86. Calculate the greatest common factor of u and m.
28
Let b be (-2*5)/((-6)/12). Let w = 22 - b. What is the greatest common divisor of 32 and w?
2
Suppose 77*t = 71*t + 6. Let i(n) = 23*n - 9. Let y be i(t). Calculate the greatest common factor of 77 and y.
7
Let a be (-3)/5 - (-37297)/95. Calculate the highest common divisor of 5292 and a.
196
Let c be 296*1 + (-24)/(-3). Let g = c - 229. What is the greatest common factor of 125 and g?
25
Let w be (-26370)/(-18) - (-7 + (-6 - -3)). What is the highest common divisor of 200 and w?
25
Suppose 0 = t + 3*t - 8. Suppose 3*j + 9 = -o + 20, -t*j - 2 = 3*o. Let f be (-1)/4*(-48 - o). Calculate the highest common divisor of 44 and f.
11
Let k(a) = -428*a + 3854. Let y be k(9). What is the greatest common divisor of y and 26?
2
Suppose 62608 = 8*y - 31760. Calculate the greatest common factor of y and 72.
12
Let n(b) = 2*b**3 - b**2 - b + 4. Let x be n(4). Let d = x - 86. Calculate the greatest common factor of 52 and d.
26
Let j = 132 - 118. Let k be 10/3 - j/(-21) - 4. Let o be ((-52)/(-26))/(k + 1/10). Calculate the greatest common divisor of 10 and o.
10
Let b(i) = 2*i**3 + 22*i**2 + i + 13. Let n be b(-11). Suppose 5*g = 3*z - 55 - 70, -4*z + 190 = -n*g. Calculate the greatest common divisor of z and 2.
2
Suppose 5*n - 254 = -w + 360, 2*w + 358 = 3*n. Suppose 0 = 5*q - 4*m - n, -4*q = -2*m + 4*m - 82. What is the greatest common factor of 242 and q?
22
Let z(x) = -x**3 - 54*x**2 - 47*x + 324. Let d be z(-53). Let w = 50 - 20. What is the highest common divisor of w and d?
6
Suppose -78 = -u - 5*z + 325, 0 = -2*u + 3*z + 715. Calculate the highest common factor of 2806 and u.
46
Let u(f) = f**3 + 26*f**2 - 86*f + 34. Let b be u(-29). Suppose 0 = b*p - n - 212 + 57, p - 2*n - 31 = 0. Calculate the highest common factor of p and 62.
31
Suppose -8*n + 24 = -4*n. Let j(s) = 11*s + 23 - n*s + s - 4*s. Let i be j(-7). Calculate the greatest common divisor of i and 36.
9
Suppose 0 = 21*v + 21 + 84. Let g be -4*v/(-8)*-4. Calculate the highest common factor of g and 640.
10
Let x be 3/((-9)/6) - -5. Suppose 6949*o - 6953*o + 124 = 0. Suppose -x*t - 7 = -o. What is the highest common factor of t and 2?
2
Suppose -4*b + 11780 = 4*v, 3*b + 4*v - 8825 = 3*v. Suppose -457*p = -464*p + b. What is the greatest common divisor of 14 and p?
14
Let d = -114 + 164. Suppose 3*o - 2759 = 5*p, -o + 100 + 1003 = -2*p. Let a be (p/4)/(12/(-48)). What is the highest common factor of a and d?
50
Let o = 61 + -59. Let h be 34/9 - -2 - (-28)/126. What is the greatest common divisor of o and h?
2
Let j(f) = -f**3 - 7*f**2 - 9*f + 27. Let v be j(-7). Let o = 138 + -78. Let l = -24 + o. Calculate the highest common factor of l and v.
18
Let m be (-12)/396*-6 - 51045/(-33). Calculate the greatest common factor of m and 182.
91
Let w = 4 - 12. Let b(z) = -4*z + 10. Let l be b(w). Let g be (-2)/6 - (-731)/51. Calculate the greatest common divisor of g and l.
14
Let l = -2292 + 2337. Calculate the greatest common factor of l and 60.
15
Let j be 14/(-12) + 142457/282. What is the greatest common divisor of j and 81?
9
Let r be ((-12)/(-4) - 0)/((-3)/64). Let j = 68 - r. What is the highest common divisor of j and 12?
12
Let s be ((-2742)/9 - 2)/(3*(-5)/90). Calculate the highest common factor of s and 805.
115
Let r = 19688 - 19416. What is the greatest common factor of r and 1207?
17
Suppose -n = 4*z - 22 - 2, 0 = -4*n - z + 21. Suppose -3*j - 8*j + 806 = 20*j. What is the greatest common divisor of j and n?
2
Let c = 3192 + -3075. Let p = 244 + 20. Let x = p - c. Calculate the greatest common factor of x and 21.
21
Suppose -304 = -2*y + g, -247*y + 2*g = -244*y - 458. Calculate the greatest common divisor of 800 and y.
50
Suppose 21*n - 20*n = 251. Let j = n + -239. What is the greatest common factor of j and 3?
3
Suppose m = -t + 603, -633*t - 2*m = -634*t + 600. Calculate the highest common divisor of 294 and t.
14
Let c = 4041 - -29622. Suppose 36*k = c - 3063. Calculate the highest common factor of 100 and k.
50
Let c(b) = 13*b**2 + 108*b + 275. Let g be c(13). What is the greatest common divisor of 228 and g?
228
Let p(z) = -z + 3. Let o be p(16). Let w(b) = b**2 + 12*b + 19. Let x be w(o). Calculate the greatest common factor of x and 2.
2
Let b = 44 - -56. Let u be ((-1120)/b)/(4/(-10)). Let s be 0*1/(-3) + 4. What is the greatest common factor of u and s?
4
Le